s the greatest common factor of n and 21?
7
Suppose 0 = -28*a + 23*a + 10. Suppose k + 5 = a*o, k = -5*o + 4*k + 11. What is the highest common divisor of 44 and o?
4
Let j = -1665 - -1670. What is the greatest common divisor of j and 835?
5
Suppose -3*o + 3*g - 6 = 0, 0 = -o - o + 3*g - 3. Let c be (-8 - 0)/(-2) - o. Suppose -3*y + 11 = -c. Calculate the greatest common factor of y and 42.
6
Let o(q) = q**2 + 28*q - 88. Let x be o(-31). Calculate the highest common factor of 1165 and x.
5
Suppose -6*v = -127 - 29. Calculate the greatest common divisor of v and 1664.
26
Let n(m) = 14*m - 1. Let z be n(1). Suppose 0 = -5*q - 7 + 72. What is the greatest common divisor of z and q?
13
Let t = -255 - -267. Calculate the greatest common divisor of t and 20.
4
Let d(h) = h**2 - 6*h - 14. Let f be d(8). Suppose -39 = -f*c + 5*u + 12, 0 = 2*c + 2*u - 72. Calculate the greatest common divisor of 11 and c.
11
Suppose 3697 - 1261 = 12*c. What is the highest common divisor of c and 14?
7
Let v be (3/(-4)*-2)/((-9)/(-204)). Calculate the greatest common divisor of v and 51.
17
Suppose -2*j + 52 = -o, 2*j + 5*o - 40 = 3*o. What is the highest common divisor of 24 and j?
24
Let c be 6/(-15)*1/((-2)/1060). What is the highest common divisor of c and 159?
53
Suppose 5*h - 5*v - 150 = 0, -6*v + 10*v = -h + 20. Calculate the highest common factor of 56 and h.
28
Let q(m) = m**3 - m**2 - m + 27. Let y be q(0). Suppose -d = 40 - 5. Let f = 332 + d. What is the highest common divisor of y and f?
27
Suppose -3*h = -q + 12, q - 4*h - 14 + 6 = 0. What is the greatest common factor of 1848 and q?
24
Let p(w) = 2*w**3 + 11*w**2 + 4*w - 1. Let i be p(-5). Let a = 14 - 4. What is the greatest common divisor of i and a?
2
Let h = 324 - 306. What is the greatest common factor of h and 48?
6
Suppose 28 + 8 = 4*b. Let o be (-3)/9 - (-174)/b. Let n = -6 + o. What is the greatest common factor of 52 and n?
13
Let q be 15 + (-6 + 60)/(-9). Calculate the highest common factor of 1251 and q.
9
Let m = -131 + 169. What is the highest common factor of 4 and m?
2
Let f be 29 - (-10 - (21/(-3) + 0)). What is the greatest common divisor of f and 544?
32
Let p(t) = 3*t + 15. Let k be p(-18). Let w = -23 - k. Let h = 0 + 24. What is the greatest common factor of w and h?
8
Let g(u) = 13*u**2. Let l be g(1). Let t(v) = 5*v**2 - 40*v + 140. Let b be t(5). What is the greatest common divisor of b and l?
13
Let d(x) be the third derivative of x**6/60 - x**5/60 - x**4/12 - x**3/3 - 5*x**2. Let z be d(3). Let f = 7 + z. What is the highest common divisor of f and 11?
11
Let n be (1 + -27)/((-100)/500). Calculate the highest common factor of n and 80.
10
Let s(u) = -69*u + 2. Let d be s(-3). Let c(l) = -34*l - 71. Let z be c(-6). Suppose z = 8*o - o. What is the greatest common divisor of o and d?
19
Let x(f) = -1219*f**2 - f + 28*f**3 + 1220*f**2 - 8*f**3. Let z be x(1). What is the highest common divisor of 50 and z?
10
Let k = 16 - 13. Let v(z) = k*z + 0*z + 0*z**2 + z**2 + 2*z**2. Let x be v(-2). Calculate the greatest common factor of x and 66.
6
Let b = -316 - -346. Suppose 60 = 4*n + 20. What is the highest common factor of b and n?
10
Suppose -16 = -3*z + 20. Suppose 3*l = -x - x - 55, -3*x - 35 = -5*l. Let k = 64 - x. What is the highest common divisor of k and z?
12
Suppose -44 = -y + 5*w, 2*y - 4*w = -9*w + 163. What is the highest common divisor of 1104 and y?
69
Let p be (-14)/(-4) - 1/2. Suppose 27 = 5*n - c - 13, 0 = p*n - 4*c - 41. Suppose -102 = -5*u - n. What is the highest common divisor of 19 and u?
19
Suppose 3*t - 808 = 2*h + 116, 5*t - 2*h - 1540 = 0. What is the greatest common factor of t and 126?
14
Let x = 14 + -12. Suppose 0 = -x*l + 9*l - 98. What is the highest common factor of 7 and l?
7
Let t be ((-589)/(-4) - (-6)/(-24)) + -4. Suppose -d = 3*h - 466, 0 = 3*h - d - 601 + t. Calculate the greatest common divisor of 28 and h.
14
Let r = -113 - -133. What is the greatest common factor of r and 60?
20
Suppose -4*c + 2*p = -5*c + 4, -2*p - 16 = -4*c. Suppose -x + 3*z = -18, x + 2*z = z + 10. Calculate the highest common divisor of c and x.
4
Let l(n) = 17*n**2 - 4*n + 27. Let u be l(-3). Let z = 63 - 39. What is the highest common divisor of u and z?
24
Let k be (78/(-13) + 1)*24/(-5). Calculate the greatest common factor of 3 and k.
3
Let x be (72/(-20))/(3/(-10)). Suppose 0 = 4*a - 176 - 352. What is the highest common divisor of x and a?
12
Suppose 22*h - 8256 + 2206 = 0. Calculate the greatest common factor of h and 25.
25
Let r be 12 - (24/(-96) + (-10)/(-8)). What is the greatest common factor of r and 88?
11
Let g(x) be the second derivative of -5*x**3/3 - 9*x**2 - 2*x. Let h be g(-6). Suppose n - 93 = 12. Calculate the greatest common divisor of h and n.
21
Suppose 4*j - 29 = -3*x, 3*j + 2*j = 10. Suppose 0 = -l + 11*l + 2*l. Suppose -51*h + 52*h - 28 = l. Calculate the highest common factor of h and x.
7
Let g(t) = -t - 15. Let c be g(-13). Let v be c/(-7) - 12/(-7). Suppose -v*y = y + n - 32, 4*n = -y + 29. What is the greatest common factor of 45 and y?
9
Let j = 121 - -1. Suppose 56 = 3*n - 5*u - 26, -5*n + u = -j. What is the greatest common factor of n and 16?
8
Let f(r) = r**2 + 10*r + 6. Let t be -7 - 9/(0 - 3). Let g be f(t). Let d = g - -20. Calculate the greatest common factor of 8 and d.
2
Let m = -1 - -7. Let y be m/2*(10 - 5). Let u be 4/(-6) + (-1810)/(-15). What is the greatest common factor of y and u?
15
Suppose 0 = 5*z + 5*j - 980, -5*z - 2*j = -395 - 597. Suppose 47*y + z = 52*y. What is the highest common factor of 5 and y?
5
Suppose 5*a - 12 = 3*d + 38, 0 = -4*d. Calculate the greatest common divisor of 200 and a.
10
Let x(m) be the third derivative of m**4/12 - 13*m**3/6 + 11*m**2. Let a be x(4). Let o be -3 - (9 - 4)*a. Calculate the greatest common divisor of o and 154.
22
Suppose 3*g = l + 2523, 0*g + 2514 = 3*g - 4*l. Suppose -4*r - m = m - g, 1020 = 5*r - 4*m. Calculate the greatest common factor of r and 13.
13
Suppose 9*p - 556 = -124. Calculate the greatest common factor of p and 128.
16
Let g = -142 - -162. Suppose 0 = -g*z + 7*z + 91. Calculate the greatest common divisor of 1 and z.
1
Suppose 1804 = 5*c + 5*z - 4*z, 16 = 4*z. Suppose -9*g + 14*g - c = 0. What is the greatest common divisor of 8 and g?
8
Let y = 39 - 59. Let s be (-8)/((-5)/y*-1). Calculate the greatest common divisor of 48 and s.
16
Suppose -4*v + 16 = -2*q, 5*v = -5*q - 0*q - 10. Let l(k) = -4*k + 1 - 5 + v*k. Let y be l(-3). What is the greatest common factor of y and 1?
1
Let o(x) = 3*x**2 + 10 + 10*x + 0*x**2 - 3 - 4*x**2. Let z be o(10). Let s be z/5 + 2/(-5). Calculate the highest common divisor of s and 9.
1
Suppose 6642 = -5*b + 32*b. What is the greatest common divisor of 18 and b?
6
Suppose 21*k = 2*u + 16*k - 345, 2*k = u - 173. Calculate the highest common divisor of u and 7.
7
Let r = -888 - -1005. Calculate the highest common factor of 104 and r.
13
Suppose -2*z + 1 + 5 = 2*l, -3*z + 5 = -l. Suppose z*m - m + 84 = 3*w, m - 140 = -5*w. Calculate the highest common factor of 14 and w.
14
Suppose -24*g + 261 = -27*g. Let y = g + 123. What is the greatest common divisor of y and 12?
12
Suppose 4*i - 475 = -r, 12*r - 9*r + 3 = 0. What is the highest common divisor of 85 and i?
17
Let i = 103 - 96. Suppose 1272 = i*w + w. What is the highest common factor of 53 and w?
53
Suppose -8*j = -1341 - 6019. Suppose -w = -2*w - 5*i + 230, 4*i + j = 4*w. What is the greatest common divisor of w and 46?
46
Suppose -5*f = -f + 32. Let p be 351/(-18)*f/3. Let r(c) = 26*c. Let b be r(1). What is the greatest common divisor of p and b?
26
Let f = -473 + 917. What is the highest common divisor of f and 4?
4
Let q(o) = -o**3 + 8*o**2 - 2*o - 3. Let u be q(3). Let k be (-3105)/(-117) + 6/13. Calculate the greatest common factor of u and k.
9
Let n be (-7)/(-14)*(-2)/(-1) + -1. Let v be (18 - 19)*(-148 + n). Calculate the highest common factor of 37 and v.
37
Let x(q) = -34*q - 18. Let h be x(-27). Suppose 4*i + 308 = h. What is the highest common factor of 37 and i?
37
Suppose 3*n = 2*o + 361, 0 = -3*o + 4 - 1. Calculate the greatest common factor of n and 77.
11
Let i = 226 + -160. Let q(b) = -b**2 + 6*b - 6. Let t be q(6). Let h(u) = -27*u + 3. Let c be h(t). Wha